403?
True
Is 213 a factor of 664986?
True
Is 94 a factor of 13818?
True
Is 44702 a multiple of 31?
True
Does 57 divide 79002?
True
Does 20 divide 2780220?
True
Is 180 a factor of 728640?
True
Is 40 a factor of 85169?
False
Is 49 a factor of 515921?
True
Is 541495 a multiple of 37?
True
Does 6 divide 1286105?
False
Does 32 divide 54362?
False
Is 26088793 a multiple of 227?
False
Is 10 a factor of 47968?
False
Is 83144 a multiple of 8?
True
Does 12 divide 100536?
True
Is 4102054 a multiple of 371?
False
Is 984320 a multiple of 40?
True
Is 595889 a multiple of 304?
False
Is 15136242 a multiple of 869?
True
Is 380726 a multiple of 41?
True
Is 8 a factor of 77320?
True
Is 4895 even?
False
Is 8088120 a multiple of 72?
True
Is 100994 a multiple of 372?
False
Is 80652 a multiple of 33?
True
Is 66 a factor of 6842154?
True
Does 211 divide 400770?
False
Is 12 a factor of 148776?
True
Does 56 divide 1263174?
False
Is 57 a factor of 2574657?
False
Does 4 divide 12794066?
False
Is 70500 a multiple of 125?
True
Is 39 a factor of 2144490?
False
Is 1578720 a multiple of 16?
True
Does 18 divide 8827020?
True
Is 166 a factor of 17777610?
False
Is 19 a factor of 7356171?
False
Is 196664 a multiple of 37?
False
Is 5 a factor of 258820?
True
Is 3913951 a multiple of 578?
False
Does 31 divide 4884856?
True
Is 8808970 a multiple of 608?
False
Does 59 divide 1641970?
True
Is 45056 a multiple of 4?
True
Does 3 divide 14531?
False
Is 57 a factor of 5515?
False
Is 746711 a multiple of 2?
False
Is 7 a factor of 31865?
False
Does 8 divide 188016?
True
Is 8958709 a multiple of 261?
False
Is 13 a factor of 4227548?
True
Does 2 divide 37171?
False
Does 61 divide 2775631?
False
Is 17 a factor of 2088909?
True
Is 387 a factor of 4675287?
False
Is 62603 a multiple of 4?
False
Is 37 a factor of 281109?
False
Is 1230337 a multiple of 6?
False
Does 40 divide 224160?
True
Is 565 a factor of 1463350?
True
Does 29 divide 5727239?
True
Does 655 divide 894180?
False
Is 161 a factor of 280462?
True
Is 8 a factor of 51203?
False
Is 156843 a multiple of 37?
True
Is 5374740 a multiple of 6?
True
Is 1120995 a multiple of 7?
False
Is 175087 even?
False
Does 46 divide 3996112?
True
Does 36 divide 1669246?
False
Is 172491 a multiple of 4?
False
Does 36 divide 2285784?
True
Does 130 divide 49660?
True
Is 95 a factor of 2228161?
False
Is 14443448 a multiple of 92?
True
Is 9 a factor of 20028906?
True
Is 6753787 a multiple of 8?
False
Is 13 a factor of 4849?
True
Is 119119 a multiple of 143?
True
Does 1222 divide 6362802?
False
Is 761310 a multiple of 90?
True
Does 58 divide 696290?
True
Is 159 a factor of 1713494?
False
Is 2 a factor of 3054693?
False
Is 7 a factor of 77777?
True
Does 696 divide 113448?
True
Does 327 divide 96465?
True
Is 58 a factor of 1915856?
True
Is 13 a factor of 403767?
True
Is 139 a factor of 143309?
True
Does 596 divide 2055604?
True
Is 2960465 a multiple of 85?
True
Does 37 divide 52947?
True
Does 56 divide 340424?
True
Is 42748 a multiple of 12?
False
Is 64722 a multiple of 46?
True
Is 109394 a multiple of 119?
False
Is 168 a factor of 534408?
True
Does 20 divide 6466593?
False
Does 385 divide 10352265?
True
Is 362016 a multiple of 48?
True
Is 80644 a multiple of 49?
False
Does 14 divide 60577?
False
Does 30 divide 2520?
True
Does 83 divide 557962?
False
Is 457 a factor of 1206937?
True
Does 5 divide 39570?
True
Is 630800 a multiple of 152?
True
Is 162 a factor of 1067256?
True
Does 24 divide 15487680?
True
Does 25 divide 340859?
False
Does 668 divide 450900?
True
Is 1358344 a multiple of 28?
False
Is 42728 a multiple of 14?
True
Is 2932956 a multiple of 17?
False
Is 5 a factor of 1064409?
False
Is 23 a factor of 2872102?
True
Does 28 divide 902585?
False
Is 2 a factor of 152993?
False
Does 951 divide 980481?
True
Is 23 a factor of 1955492?
False
Is 11 a factor of 116501?
True
Does 15 divide 1178325?
True
Does 776 divide 672792?
True
Is 38 a factor of 6523822?
False
Is 38 a factor of 2895866?
True
Is 170238 a multiple of 13?
False
Does 5 divide 134584?
False
Is 1197 a factor of 3849552?
True
Is 97 a factor of 88852?
True
Is 100677 a multiple of 107?
False
Is 29232 a multiple of 16?
True
Is 119 a factor of 151963?
True
Is 4402000 a multiple of 500?
True
Is 2910660 a multiple of 417?
True
Is 4 a factor of 365262?
False
Does 395 divide 2623195?
True
Does 5 divide 27235?
True
Is 52 a factor of 1131988?
True
Is 31 a factor of 684077?
True
Is 4 a factor of 196975?
False
Is 155 a factor of 5494436?
False
Is 731520 a multiple of 240?
True
Is 109 a factor of 2992080?
False
Does 19 divide 1049560?
True
Is 178 a factor of 1699065?
False
Is 430466 a multiple of 131?
True
Is 150 a factor of 19950?
True
Does 7 divide 2370335?
False
Is 526 a factor of 25676975?
False
Does 422 divide 6009702?
True
Is 1274316 a multiple of 412?
True
Is 225764 a multiple of 46?
False
Is 59192 a multiple of 14?
True
Is 961951 a multiple of 197?
True
Is 2346795 a multiple of 80?
False
Is 63674 a multiple of 202?
False
Is 1646359 a multiple of 11?
True
Is 12512464 a multiple of 151?
True
Does 55 divide 261901?
False
Does 1670 divide 18747420?
True
Is 555949 a multiple of 3?
False
Is 17 a factor of 156443?
False
Is 207 a factor of 4848561?
True
Is 138358 a multiple of 7?
False
Is 9 a factor of 2196441?
True
Is 2058460 a multiple of 4?
True
Is 3132283 a multiple of 19?
True
Does 262 divide 79910?
True
Does 197 divide 763384?
False
Is 155 a factor of 84630?
True
Is 7478646 a multiple of 246?
True
Is 205900 a multiple of 41?
False
Does 22 divide 6891632?
True
Is 6 a factor of 118972?
False
Does 591 divide 1281585?
False
Does 175 divide 70175?
True
Is 30 a factor of 4133520?
True
Does 166 divide 397059?
False
Does 81 divide 1710720?
True
Is 125 a factor of 6100187?
False
Is 13 a factor of 821301?
True
Is 10 a factor of 363561?
False
Does 327 divide 356757?
True
Is 648223 a multiple of 65?
False
Is 86 a factor of 121725?
False
Is 19 a factor of 1207241?
True
Is 4595757 a multiple of 141?
False
Does 8 divide 57518?
False
Is 78235 a multiple of 11?
False
Is 10813584 a multiple of 912?
True
Is 1323190 a multiple of 5?
True
Is 11403756 a multiple of 1652?
True
Does 8 divide 1136487?
False
Is 6 a factor of 733404?
True
Is 143 a factor of 409301?
False
Is 128414 a multiple of 440?
False
Is 196 a factor of 1279292?
True
Is 9 a factor of 26127?
True
Is 912057 a multiple of 44?
False
Does 42 divide 1900251?
False
Is 603174 a multiple of 114?
True
Is 994006 a multiple of 7?
False
Does 23 divide 31209?
False
Is 1738980 a multiple of 15?
True
Is 63 a factor of 2954700?
True
Does 100 divide 34055?
False
Is 81 a factor of 91918?
False
Is 74521 a multiple of 2?
False
Does 360 divide 1255680?
True
Does 58 divide 5151560?
True
Does 342 divide 234270?
True
Is 11 a factor of 179076?
False
Is 1383210 a multiple of 71?
False
Is 236 a factor of 1937088?
True
Is 15 a factor of 365240?
False
Is 6155952 a multiple of 528?
True
Is 134709 a multiple of 38?
False
Does 159 divide 10542336?
True
Is 471443 a multiple of 44?
False
Is 759 a multiple of 23?
True
Is 422502 a multiple of 110?
False
Is 2496843 a multiple of 22?
False
Does 108 divide 932041?
False
Is 285 a factor of 518985?
True
Does 168 divide 264656?
False
Does 189 divide 4835279?
False
Is 21 a factor of 212004?
False
Is 8 a factor of 8270321?
False
Does 63 divide 952680?
False
Does 9 divide 246544?
False
Is 1253661 a multiple of 8?
False
Is 2 a factor of 2840409?
False
Does 24 divide 47139?
False
Does 192 divide 1049664?
True
Is 50 a factor of 9639688?
False
Does 624 divide 1082016?
True
Is 31290 a multiple of 119?
False
Does 690 divide 68967?
False
Does 59 divide 78252?
False
Is 197 a factor of 49447?
True
Is 192 a factor of 70217?
False
Is 42296 a multiple of 21?
False
Is 37926 a multiple of 237?
False
Does 325 divide 4403750?
True
Is 580023 a multiple of 223?
True
Is 20 a factor of 1445960?
True
Is 785700 a multiple of 75?
True
Does 315 divide 83904?
False
Is 96 a factor of 2199734?
False
Does 247 divide 1452354?
False
Does 642 divide 3954720?
True
Does 152 divide 1491862?
False
Is 96 a factor of 4891584?
True
Is 684 a factor of 864576?
True
Does 13 divide 722997?
False
Is 31519 a multiple of 11?
False
Does 99 divide 352840?
False
Does 20 divide 2185746?
False
Does 174 di